{"id":4565,"date":"2020-10-25T19:54:16","date_gmt":"2020-10-25T18:54:16","guid":{"rendered":"http:\/\/osplukowiec.pl\/?page_id=4565"},"modified":"2023-04-30T21:41:53","modified_gmt":"2023-04-30T19:41:53","slug":"szczegolowe-zasady-udostepniania","status":"publish","type":"page","link":"http:\/\/osplukowiec.pl\/index.php\/szczegolowe-zasady-udostepniania\/","title":{"rendered":"Zasady udost\u0119pniania \u015bwietlicy"},"content":{"rendered":"<p><big><\/p>\n<p style=\"text-align: center;\"><big>\u0141uk\u00f3wiec, 1 marca 2023 r.<\/big><\/p>\n<p>&nbsp;<\/p>\n<p>So\u0142tys, Rada So\u0142ecka oraz OSP \u0141uk\u00f3wiec, dbaj\u0105c o wsp\u00f3lne dobro jakim jest \u015bwietlica wiejska oraz kuchnia zlokalizowana przy OSP w \u0141uk\u00f3wcu, postanowili ustali\u0107 nast\u0119puj\u0105ce zasady ich udost\u0119pnienia:<br \/>\n1. Priorytet w korzystaniu ze \u015bwietlicy wiejskiej b\u0119d\u0105 mia\u0142y grupy i formacje dzia\u0142aj\u0105ce przy OSP \u0141uk\u00f3wiec (M\u0142odzie\u017cowa Dru\u017cyna Po\u017carnicza, Zesp\u00f3\u0142 Piskorze i Ma\u0142e Piskorze, Ko\u0142o Gospody\u0144 Wiejskich, Teatr Ikra, sekcja szachowa) oraz wydarzenia\/spotkania, kt\u00f3re b\u0119d\u0105 organizowane dla i przez mieszka\u0144c\u00f3w, w tym zebrania wiejskie, spotkania modlitewne, szkolenia otwarte, koncerty itp.<br \/>\n2. Najem \u015bwietlicy wiejskiej na potrzeby prywatnych imprez\/wydarze\u0144\/szkole\u0144 b\u0119dzie prowadzony w spos\u00f3b zr\u00f3wnowa\u017cony, tak, aby nie prowadzi\u0142 on do nadmiernego i szybkiego zu\u017cycia wyposa\u017cenia \u015bwietlicy i kuchni. Najem \u015bwietlicy w dniach, w kt\u00f3rych odbywa\u0107 si\u0119 b\u0119d\u0105 spotkania grup i formacji wymienionych w pkt. 1 wymaga wcze\u015bniejszego uzgodnienia z osobami uprawnionymi, wymienionymi w pkt. 6.<br \/>\n3. Za wynajem \u015bwietlicy wiejskiej, najemca ui\u015bci nast\u0119puj\u0105ce op\u0142aty:<br \/>\na) 1000,00 z\u0142 (s\u0142ownie: jeden tysi\u0105c z\u0142otych) &#8211; czynsz za wynajem,<br \/>\nb) rycza\u0142t z tytu\u0142u zu\u017cycia medi\u00f3w, liczony jako iloczyn kwoty 5,00 z\u0142 (s\u0142ownie: pi\u0119\u0107 z\u0142otych) i liczby uczestnik\u00f3w wydarzenia zadeklarowanych przez Najemc\u0119 (np. 50 os\u00f3b x 5,00 = 250,00),<br \/>\nc) 500,00 z\u0142 (s\u0142ownie: pi\u0119\u0107set z\u0142otych) &#8211; kaucja na poczet ewentualnych szk\u00f3d w mieniu, p\u0142atna odr\u0119bnym przelewem.<br \/>\n4. Uiszczenie przez najemc\u0119 op\u0142at, o kt\u00f3rych mowa w ust. 3, nast\u0105pi najp\u00f3\u017aniej przed wydaniem \u015bwietlicy wiejskiej, przelewem na konto OSP \u0141uk\u00f3wiec. Kaucja zostanie zwr\u00f3cona przez wynajmuj\u0105cego na konto najemcy w terminie 7 dni roboczych od podpisania Protoko\u0142u wydania\/zwrotu sali.<br \/>\n5. W wyj\u0105tkowych przypadkach zwi\u0105zanych z trudn\u0105 sytuacj\u0105 finansow\u0105 mieszka\u0144ca \u0141uk\u00f3wca lub G\u00f3rek Ca\u0142owa\u0144skich, mo\u017cliwe jest bezp\u0142atne udost\u0119pnienie \u015bwietlicy, w zamian za prace spo\u0142eczne wykonane na rzecz OSP lub wsi. Decyzj\u0119 w takich przypadkach b\u0119d\u0105 podejmowa\u0107 \u0142\u0105cznie So\u0142tys oraz Prezes OSP.<br \/>\n6. Udost\u0119pnienie \u015bwietlicy na potrzeby imprez\/wydarze\u0144 prywatnych b\u0119dzie odbywa\u0107 si\u0119 zawsze na podstawie pisemnej umowy najmu zawartej pomi\u0119dzy OSP \u0141uk\u00f3wiec i wynajmuj\u0105cym. Osobami uprawnionymi z ramienia OSP \u0141uk\u00f3wiec do podpisania umowy najmu \u015bwietlicy wiejskiej jest Gospodarz lub Zast\u0119pca Gospodarza OSP \u0141uk\u00f3wiec. <\/big><\/p>\n","protected":false},"excerpt":{"rendered":"<p>\u0141uk\u00f3wiec, 1 marca 2023 r. &nbsp; So\u0142tys, Rada So\u0142ecka oraz OSP \u0141uk\u00f3wiec, dbaj\u0105c o wsp\u00f3lne dobro jakim jest \u015bwietlica wiejska oraz kuchnia zlokalizowana przy OSP w \u0141uk\u00f3wcu, postanowili ustali\u0107 nast\u0119puj\u0105ce zasady ich udost\u0119pnienia: 1. Priorytet<a class=\"read-more\" href=\"http:\/\/osplukowiec.pl\/index.php\/szczegolowe-zasady-udostepniania\/\">Czytaj dalej<\/a><\/p>\n","protected":false},"author":6,"featured_media":0,"parent":0,"menu_order":0,"comment_status":"closed","ping_status":"closed","template":"","meta":{"_mi_skip_tracking":false},"_links":{"self":[{"href":"http:\/\/osplukowiec.pl\/index.php\/wp-json\/wp\/v2\/pages\/4565"}],"collection":[{"href":"http:\/\/osplukowiec.pl\/index.php\/wp-json\/wp\/v2\/pages"}],"about":[{"href":"http:\/\/osplukowiec.pl\/index.php\/wp-json\/wp\/v2\/types\/page"}],"author":[{"embeddable":true,"href":"http:\/\/osplukowiec.pl\/index.php\/wp-json\/wp\/v2\/users\/6"}],"replies":[{"embeddable":true,"href":"http:\/\/osplukowiec.pl\/index.php\/wp-json\/wp\/v2\/comments?post=4565"}],"version-history":[{"count":7,"href":"http:\/\/osplukowiec.pl\/index.php\/wp-json\/wp\/v2\/pages\/4565\/revisions"}],"predecessor-version":[{"id":7160,"href":"http:\/\/osplukowiec.pl\/index.php\/wp-json\/wp\/v2\/pages\/4565\/revisions\/7160"}],"wp:attachment":[{"href":"http:\/\/osplukowiec.pl\/index.php\/wp-json\/wp\/v2\/media?parent=4565"}],"curies":[{"name":"wp","href":"https:\/\/api.w.org\/{rel}","templated":true}]}}